e -104383733 = 129*f - 154*f + 906392. Is f a composite number?
True
Let m be 4 + -6 - (4/(-2) + -4). Suppose -m*u - 5*y + 7251 = 0, 2*u - 3*y = 4913 - 1260. Is u prime?
False
Let c(a) = -2*a - 30. Let g be c(-23). Suppose -6*u + 14*u = g. Suppose 668 = 3*z + k - u*k, 0 = 5*z - 2*k - 1115. Is z prime?
False
Let t be (-5 - 85)/((-1)/2 + -1). Let w = -56 + t. Suppose 14362 = w*f + 4278. Is f prime?
True
Let u(n) = 32*n - 4. Let c be u(6). Let b(k) = -530*k - 4771. Let f be b(-11). Suppose -y - c = -f. Is y a composite number?
True
Let s(d) = d + 5. Let z be s(3). Suppose 0 = -0*y - z*y + 32. Suppose y*c - 2050 = -254. Is c composite?
False
Suppose 19448 = -5*j + 3168. Let c = -1523 - j. Is c a prime number?
True
Is 16637900/(952/56) + (1 - -6) prime?
False
Suppose 79840 = -26*i - 16*i + 327514. Is i a composite number?
False
Let j = 320232 - 159739. Is j a prime number?
False
Let c(q) = 4*q**3 + 3*q**2 + 2*q - 1. Let l be c(-2). Let x = -26 - l. Is (-5)/(2 - 1092/548)*x a prime number?
False
Let w = 36 - 33. Suppose 0*f + 2*f = -4*a + 296, 458 = w*f - a. Let m = 263 - f. Is m composite?
True
Suppose 58*y + 6123327 = 16226753. Is y prime?
True
Suppose 4*h = 4*l + 3584, 5*l - 32*h + 33*h = -4492. Let s = l - -2075. Is s prime?
False
Is ((-5)/((-170)/51))/(12/540712) a prime number?
True
Let q be 0/(4/1) - -4. Suppose -4*z + t = 24, 0*z = -3*z - q*t - 18. Is (958/z)/(6 + 889/(-147)) prime?
False
Suppose -2*h = 30690 - 135632. Is h a composite number?
True
Suppose -228*a - 910914 = -2*o - 233*a, 0 = -4*o - 3*a + 1821772. Is o a prime number?
True
Suppose 0 = -5*r + 15 - 0. Suppose r*a - 70324 = 33485. Is a a prime number?
True
Suppose -1563 - 7895 = -41*c - 1135. Is c a composite number?
True
Let o(t) = t**2 + 29*t + 54. Let j be o(-27). Suppose 0 = -2*z + 3*g + 8877, j = 2*g - 3*g + 3. Is z prime?
False
Let x be 1*(154/88 - (-6)/(-8)). Suppose 5*q = -h + 592, -2*h - 5 = x. Is q a composite number?
True
Let m = 13886 + -3379. Let t be 32*((-63)/(-12) + -5). Suppose a = t*a - m. Is a a composite number?
True
Suppose -565909 = -2*m + 3*g, 2*m + 32*g - 565927 = 29*g. Is m a composite number?
False
Let r(g) = 31199*g + 422. Is r(3) composite?
True
Let s(f) = -f**2 + 11*f + 62. Let i be s(15). Suppose 4*b + i*b - 5370 = -2*r, 3*b = -2*r + 2685. Is b prime?
False
Suppose 16 = -4*r - 4. Let b(h) = -h. Let n(i) = 44*i**2 + 7*i + 8. Let m(d) = 6*b(d) + n(d). Is m(r) prime?
True
Suppose -31 = 3*z - 2*b, 4*z + 5*b = 3*b - 18. Let i(s) = -10*s - 18. Let q be i(z). Suppose -2*u - q = -576. Is u a composite number?
True
Let t be (-20)/90 - 160/(-72). Is (-12660964)/(-1148)*(28/t)/2 prime?
True
Suppose 2*i - 198 = -i. Let o(y) = 46*y + i*y - 29*y. Is o(1) a composite number?
False
Let c(h) = 54824*h - 4. Let d be c(-3). Is d/(-104) + 3/2 composite?
False
Let j(u) = 9263*u + 1200. Is j(7) composite?
False
Let i be 7 + 18*(-1)/2. Is (-3700 + (-10 - -13))*(i + 0) composite?
True
Let i be (-273)/(-65) + 1/(-5). Suppose -482 = -i*f - m + 2233, -2041 = -3*f + 4*m. Is f prime?
False
Let h(a) = -2*a**3 + 38*a**2 + 65*a - 123. Is h(-40) composite?
True
Is -62617*(-4)/(-40)*-10 prime?
True
Let c be 2201553/(-268) + 1/(8/6). Let a = -4323 - c. Is a prime?
False
Let r = 186963 + 451282. Is r prime?
False
Is (-5)/6 + (-437104297)/(-1002) composite?
False
Let o = 257 + -257. Let d(c) = c**2 - 4*c + 7321. Is d(o) prime?
True
Suppose 11*j - j = 6*j + 800468. Is j prime?
True
Is (-4)/22 - (0 + (-11 - 106002/33)) a composite number?
True
Let t = -163137 - -260848. Is t a composite number?
False
Let s = -3663 + 5393. Let o = s - -9069. Is o a prime number?
True
Let g(j) = -4*j + 14. Let f be g(3). Suppose 0 = 2*r - f*z - 10, -z + 2*z = 2*r - 7. Is 199/((0 - r) + (-28)/(-12)) a composite number?
True
Let t = -17 + 23. Suppose 4011 = t*n + n. Let h = n + -275. Is h prime?
False
Let p = 152 - 31. Suppose 4*w = -8, -115 = -5*k + 2*w + 14. Let i = k + p. Is i composite?
True
Let s(p) be the second derivative of 53*p**4/6 + 2*p**3 + 109*p**2/2 + p - 43. Is s(-8) prime?
False
Suppose 2*o - 3*w = 7067, 2 = -3*w + 5*w. Suppose 4*s + s = o. Suppose -3352 = -9*f + s. Is f composite?
True
Let q(k) = 9*k**3 + 30 - 3*k**2 - 8693*k + 8634*k - 4*k**2. Is q(17) a composite number?
False
Let k(n) = -6*n - 51. Let j be k(-8). Is (0 - 3) + 7157 + j*1 a composite number?
False
Let w = 42905 - 26232. Is w prime?
True
Suppose 5*o - 16 = -3*t + 8, -2*t = -2*o. Suppose -1 = 3*g - 2*f, -g + t*f - f - 7 = 0. Suppose 0 = g*h - 574 + 37. Is h a prime number?
True
Let t = -81 - -7. Let h = 80 + t. Suppose 7630 = 5*d - 3*a, -d + h*d - 5*a - 7640 = 0. Is d composite?
False
Suppose -2 = -f + 5*q, 4*q - 2 = 2*f - 0*q. Suppose 0 = k + 5, k + 0 = -t + 1. Is t/f + -1 + 194 composite?
False
Suppose 0 = 12*r + 150220 - 585172. Suppose 13*s - 7*s - r = 0. Is s a composite number?
True
Suppose -1439683 = 274*d - 317*d. Is d a prime number?
False
Let m(q) = -106*q**2 - 8*q + 11. Let i be m(6). Let j = i + 5630. Is j prime?
True
Suppose -18 - 2 = -4*g. Suppose 5*n + 10 = 0, -g*n + 19 = -j - n. Let h = 101 + j. Is h a prime number?
False
Let d = -72 - -77. Let n be d*(-1324)/(-30)*-3. Let t = n - -997. Is t prime?
False
Suppose j - 214414 = -3*w + 25806, 2*j - 5*w = 480473. Is j composite?
True
Suppose 0*b + 2*l + 160192 = 4*b, -2*b + 2*l + 80092 = 0. Suppose -9*u + b = -4*u. Suppose -4*i + r = -197 - u, 4*r = -4*i + 8232. Is i a composite number?
False
Suppose -7*r - 41540 = 41417. Let i = 30502 + r. Is i a prime number?
False
Suppose 0 = 2*z - 5*d - 795034, -1159578 = -3*z - 3*d + 32973. Is z composite?
False
Let y(u) = u**2 + 17*u. Let f be y(-17). Let j = -4 + 8. Suppose -28 = -f*v - j*v. Is v a prime number?
True
Let a(t) be the second derivative of 17*t**3/2 + 6*t**2 + 7*t. Let z = -3 + 14. Is a(z) a composite number?
True
Let m = -14 - -17. Let a(w) = 0*w + 77*w**2 + w + 1 + 5 - 1. Is a(m) prime?
True
Let v = -411062 - -586981. Is v a composite number?
False
Let t = -69839 - -107530. Is t a prime number?
True
Let m(y) = 125239*y**2 - 6*y - 3. Let a be m(-1). Suppose -a = -4*s - 22*s. Is s a composite number?
False
Let p(s) = 1800*s**2 + 9*s - 50. Is p(5) a prime number?
False
Let n(z) = z**3 + 15*z**2 + 6*z - 25. Suppose -s + 44 = r, -s - 2*r + 0*r = -41. Let b = 35 - s. Is n(b) composite?
True
Let j = -157465 + 255798. Suppose -14*y + 160065 = -j. Is y a composite number?
False
Suppose 2*v = -5*w + 26, -w - w + 2 = 5*v. Suppose w*f = 23163 + 11955. Let o = 9656 - f. Is o composite?
False
Let o = 4136 - -1348. Suppose 3*x = 3*c + o, -2*x + 7282 = 2*x + 2*c. Is x prime?
True
Let h = -1741 + 2975. Let n = 3011 - h. Is n a prime number?
True
Let x(q) = -5181*q + 1781. Is x(-26) composite?
True
Let q(p) = 2447*p - 1882. Is q(49) composite?
True
Suppose -2*n - 4*h + 10 = 0, 5*n + 2*h - 16 = 1. Suppose -5*z + 20 = 0, -18 + 1653 = -l + n*z. Let s = -1085 - l. Is s a composite number?
True
Let t(u) = -100*u. Let f be t(-2). Suppose k - 3*k = f. Let a = k - -215. Is a a prime number?
False
Suppose 4*n + 3*x + 7 = -20, 4*n + 7 = x. Let y = 453 - 452. Is ((n - (-2 - y)) + 877)*1 a composite number?
False
Let w = 10 + -1824. Let l(p) = p**3 - 14*p**2 + 14*p - 16. Let y be l(13). Is (w/(y/(-3)))/(-2) composite?
False
Let c(x) = -294*x - 2357. Is c(-12) prime?
True
Let y be 2/(-3)*((-120715)/10 + 4). Let k = y - 4458. Is k prime?
False
Let n(k) = 19*k**3 - 2*k**2 - 11*k + 51. Is n(5) prime?
False
Suppose -26*t + 40*t - 168364 = 0. Suppose 3*j - t = -2*l, 40450 - 10411 = 5*l + j. Is l composite?
False
Let u = 6 - 21. Let j(r) = -9*r**2 + r + 6. Let f(x) = x**2 - x - 1. Let l(i) = -5*f(i) - j(i). Is l(u) prime?
True
Let v(n) = 19*n**2 - 5*n - 173. Let u(x) = 96*x**2 - 26*x - 868. Let d(h) = -2*u(h) + 11*v(h). Is d(-21) a prime number?
True
Let f(c) = -67*c - 94. Let r be f(-2). Is (-348780)/r*6/(-9) prime?
True
Is 9/(-2)*(-8463794)/123 prime?
False
Let o(h) = 750*h**2 + 58*h + 245. Is o(-7) a prime number?
False
Suppose -7 = -h - 5*y, -4*h + 5*y - 9*y = 4. Is (-79)/h*(34 - 31) prime?
True
Let f be 3/12*-1 - 1/(-4). Suppose f = 3*i - 8*i + 15415. Is i composite?
False
Let z(u) = 113*u**3 - 3*u**2 - 7*u - 56. Let x(g) = 58*g**3 - 2*g**2 - 3*g - 28. Let k(q) = 5*x(q) - 2*z(q). Is k(5) composite?
False
Suppose 2*b = -11 - 1. Is (2979